-9 + 10 + 2*x**2 + 2*x**2. What is q(l)?
5
Let a(b) be the third derivative of b**4/24 + b**3/2 + 28*b**2. Determine a(3).
6
Suppose -2*k + 6*k = -4*b + 24, 0 = -3*b - 3. Let z(d) = d**3 - 6*d**2 - 6*d - 6. Determine z(k).
1
Suppose 3*v - 2*t - 16 = 0, -v + 0*v + 2*t = -8. Suppose 6 = -6*g + v*g. Let s(p) = p**3 + 5*p**2 + 3*p - 3. Determine s(g).
6
Let w = -10 + 15. Let v be (6/(-3))/(2/w). Let s(x) = -x**3 - 4*x**2 + 3*x - 6. Give s(v).
4
Let b(x) = 6*x - 3. Let c(d) = -d**3 - d. Let v(h) = b(h) + 2*c(h). Suppose 3*y + 9 = 15. What is v(y)?
-11
Let c(l) = -l**3 + l**2 - l + 4. Let m be c(0). Suppose -5*q - 36 = m*p, 0*q = -q - 4. Let a = 0 - p. Let k(s) = -s**3 + 4*s**2 - 2*s + 1. What is k(a)?
-7
Let d(y) = -y + 2 - 2. Let q(a) = 2*a + 9. Let c be q(-8). Let x(w) = w + 2. Let j be x(c). Determine d(j).
5
Let o(x) = x**3 + 2*x**2 - 6*x. Let h(s) = s**3 + 5*s**2 - 11*s + 1. Let c(t) = -3*h(t) + 5*o(t). Suppose 3*a + 6 = 15. What is c(a)?
15
Suppose -8 = -2*t - 4. Let z(k) = t*k - k - 5 + k. What is z(6)?
7
Let g(y) = y - 9. Suppose -3*f = f - 36. Let s be g(f). Let u = s + 0. Let r(z) = -z**2 + z + 8. Calculate r(u).
8
Let p(w) = -w**3 - w. Let h be p(0). Suppose 9*j - 4*j - 5 = h. Let a(f) be the third derivative of f**5/10 - f**4/24 + f**3/6 + f**2. Calculate a(j).
6
Let c(p) = 7*p + 1. Suppose -8*k = -3*k - 4*w - 52, w = -3. Let v = -9 + k. What is c(v)?
-6
Let m be 50/30*(-1 + 4). Let t(b) = b**3 - 5*b**2 - b + 7. Calculate t(m).
2
Let t be -1 - -2 - (2 + -1). Suppose 0 = -h - g - 4, 4*h + t*g + 21 = g. Let q(a) be the second derivative of -a**4/12 - a**3 - a**2 + 11*a. What is q(h)?
3
Let f(o) = -o**2 - o + 4. Let m(b) = b**3 - 5*b**2 - 5*b - 3. Let v be m(6). Give f(v).
-8
Let g(w) = w**2 - 8*w + 12. Let q be g(7). Let u(z) = z**3 - 6*z**2 + 7*z - 7. Determine u(q).
3
Let l(h) = h**3 + 5*h**2 + 4*h + 2. Let r = 11 - 11. Suppose r*j + 2*m = -4*j - 20, 3*j = 2*m - 1. What is l(j)?
8
Let s(z) = 2*z - 9. Let h be s(7). Let f(n) = -2*n + 10. Let i be f(h). Let v(d) = d**2 - d - 10. Give v(i).
-10
Let h(v) be the first derivative of v**2/2 + 3*v - 4. Determine h(4).
7
Let r be (-5)/((9/27)/(1/(-3))). Let m(a) = 4 + 0*a - a + 3. What is m(r)?
2
Let b(j) = j**2 + 4*j - 3. Let o be b(-4). Let c = 3 + o. Suppose -5*l = -c*l + 5. Let m(p) = 9*p + 1. Give m(l).
-8
Let q(k) = -7*k + 3 - 1 + 4. Let w(l) = l + 2. Let d be w(-4). Let h(j) = -6*j + 5. Let v(z) = d*q(z) + 3*h(z). What is v(2)?
-5
Let z(v) = -3*v + 7. Let b(r) = r. Let u(f) = -2*b(f) + z(f). Let x(d) = 9*d - 13. Let q(l) = -11*u(l) - 6*x(l). Calculate q(-1).
0
Let h be 4/(-14) + 60/14. Suppose 2 = -h*a + 22. Suppose q - 7*v = -3*v + 18, 0 = -a*q + 4*v + 10. Let t(c) = c**2 + 3*c + 2. Determine t(q).
0
Let p(y) = -17*y**2 - 28*y - 6. Let l(n) = 6*n**2 + 9*n + 2. Let u(v) = 11*l(v) + 4*p(v). Let g be u(-6). Let r(q) = q**3 - 4*q**2 + q + 2. What is r(g)?
6
Let d(x) = x**3 - x + 1. Let y(m) = -4*m**3 - 3*m**2 + 2*m - 7. Let a(s) = 3*d(s) + y(s). Give a(-3).
-1
Let z(n) be the second derivative of -n**6/360 + n**5/24 - n**4/4 - 2*n**3/3 - n. Let v(y) be the second derivative of z(y). What is v(5)?
-6
Let x be (-16)/(-3) - 4/12. Let h(g) be the third derivative of -g**6/720 + g**4/12 - 2*g**2. Let r(n) be the second derivative of h(n). Determine r(x).
-5
Let r(q) = -q**3 + q**2 - 2. Let w(k) = k**3 - 2*k**2 + 1. Let h(v) = -4*r(v) - 5*w(v). What is h(6)?
3
Let l(d) = d**3 - 8*d**2 + 5*d + 12. Let i be l(7). Let g(u) = -7*u - 9. Let n(t) = -7*t - 8. Let q(x) = 6*g(x) - 7*n(x). Give q(i).
-12
Let b(s) = -3*s**2 + 16*s - 4. Let f(k) = 4*k**2 - 23*k + 6. Let g(u) = -7*b(u) - 5*f(u). Give g(-2).
-4
Let j(t) = -t**2 + t + 4. Let v be (-8 + 56/7)*(0 - 1). What is j(v)?
4
Let r(w) = -w**3 - 3*w**2 + 5*w. Let s(p) = 0 - 3*p**2 + 3*p - 1 - p + 2. Let x be s(-1). What is r(x)?
-4
Let z be (-1 - (-3 + 3))*-1. Let l(r) = r**2 - 1. Let y(n) = -1 + 1 + 4. Let u(d) = -4*l(d) - y(d). Give u(z).
-4
Let a(r) = 8*r**2 - 5*r + 0*r**2 - 3*r**2 + r**2. Let d(c) = -7*c**2 + 5*c - 1. Let k(n) = 5*a(n) + 4*d(n). What is k(4)?
8
Let a(s) = -s**3 - s**2 + s. Let l(x) = 5*x**3 + 7*x**2 - 5*x - 2. Let t(w) = 4*a(w) + l(w). Let i be 2 + -2 + 2 - -2. Suppose o + 7 - i = 0. Give t(o).
1
Let r(f) be the second derivative of f**5/120 - 4*f**3/3 + 10*f. Let b(s) be the second derivative of r(s). Suppose -3*o - 10 = -8*o. Give b(o).
2
Suppose 2*h = -h + 15. Let t(q) = -2 - h*q + 2 + 4*q - 2. Calculate t(3).
-5
Let l(k) = -276*k**3 + 2*k - 269*k**3 - 1 + 546*k**3 - 3*k**2. What is l(3)?
5
Let h be (-21)/(-5) - (-3)/(-15). Suppose 0 = -4*q + h. Let w(b) = -3*b**3 - 2*b**2 + b. What is w(q)?
-4
Let s(a) = 2*a - 1. Let v(o) be the first derivative of -2 - 8*o - 1/2*o**2. Let l be v(-6). Calculate s(l).
-5
Let g(i) = i**3 - 5*i**2 + 3*i + 4. Let o(j) = -j**2 - 8*j - 7. Let n be o(-7). Suppose 5*u = -n*u + 20. What is g(u)?
0
Let q(g) = -g**2 + 3*g + 5. Let t = 11 + 1. Suppose -3*z - 3*p + 6 = -3, -4*z + t = -4*p. Suppose 4*k - 3*k - z*x = 7, 4*k + 5*x - 11 = 0. Determine q(k).
1
Let j(i) = -i**2 + i - 2. Let y be j(2). Let d(w) = w**3 + 5*w**2 + 5*w - 1. Determine d(y).
-5
Let s be 1 + -2 - 3*-1. Let n(c) = -c**s + 6*c + 0*c**2 + 0*c + 1. Let p be (-4)/2 - -3*35/15. Determine n(p).
6
Suppose -5*j = -2*j + 9. Let n(p) = -p**3 - 4*p**2 - p + 3. Calculate n(j).
-3
Let m(j) be the second derivative of j**7/840 - j**6/60 + j**5/30 - j**4/24 - 4*j**3/3 - j. Let a(o) be the second derivative of m(o). Calculate a(5).
-6
Let q(b) = -6 - 34*b + b**2 - 33*b + 61*b. Determine q(6).
-6
Let i be (-1 + -24)/5 + 0. Let s(w) be the first derivative of -w**3/3 - 3*w**2 + 2*w + 1. Give s(i).
7
Let n(m) = -9*m + 2. Let f be n(-2). Suppose 10*x = 5*x + f. Suppose -x - 2 = 2*u. Let y(c) = -c**2 - 3*c. Give y(u).
0
Let y(j) = 3*j**2 - 4*j + 2. Let l be y(2). Let h(x) = x**3 - 4*x**2 - 2*x - l*x**2 + 3 + 6*x**2. Determine h(4).
-5
Let m(v) be the first derivative of v**4/4 - 5*v**3/3 + v**2/2 - 2*v - 1. Let z = -1 - 2. Let k = z - -8. What is m(k)?
3
Let r = 18 + -8. Suppose 3*k - 7 = -4*n + r, -11 = -4*n - k. Let o(j) = -j - 4*j**2 + 2*j**n - 3*j**2. Determine o(-1).
-4
Let c(s) be the first derivative of -3/2*s**2 + 4 - s. Determine c(-3).
8
Let q(p) = 8*p**2 + 3*p - 11. Let h(a) = -11*a**2 - 4*a + 17. Let s(y) = 5*h(y) + 7*q(y). Calculate s(0).
8
Suppose -4*p - p - 2*h + 68 = 0, 0 = -5*p + 4*h + 44. Let v(t) = p + t**2 - 7 + 3. Suppose -3*d = -d. Determine v(d).
8
Let k(g) = 2 - 3*g + 3*g**2 + g**2 - 3*g**2. Let n(x) = -2 - x**2 - 4*x + 0*x**2 + 6*x. Let h(j) = -3*k(j) - 2*n(j). Determine h(3).
4
Let x(l) = l**3 + 4*l**2 - l - 2. Let b(q) = 3*q + 3. Let w(i) = 5*i + 5. Let y(c) = 7*b(c) - 4*w(c). Let v be y(-5). Give x(v).
2
Let d(q) = -q**2 + 9*q - 4. Suppose 9 + 19 = 4*a. Give d(a).
10
Let s(v) = -3*v - 2. Suppose -4 = -2*o - 0. Calculate s(o).
-8
Let o = 18 + -14. Let w(g) = g**2 - o - 4*g**2 + 8*g - g**2 + 3*g**2. Determine w(3).
11
Let g be 24/15 - 4/(-10). Let z(x) be the first derivative of 4*x**2 - 2*x + 10. What is z(g)?
14
Let y(i) = 4*i - 1. Let r = 48 - 51. Determine y(r).
-13
Let i = -1 + 3. Let u(m) be the second derivative of -m - 1/2*m**2 - 1/6*m**4 + 0 + 1/6*m**3. Determine u(i).
-7
Suppose -4*v = -c + 11 - 31, -4*c - 8 = 2*v. Suppose -v*o - 12 = -5*w + w, 2*w = o + 3. Let h(k) = k - 2. What is h(w)?
-2
Let j(u) = -2*u**2 + 2*u - 1. Suppose -c = -11 + 13. Calculate j(c).
-13
Let i(h) = h**3 + 2*h**2 - 3*h + 3. Let p be i(-3). Let w(q) = -9*q - 4*q**3 + p*q**2 - 8 + 3*q**3 + 5*q**2 + 4*q. What is w(7)?
6
Let y(b) = -b. Let a(s) = -2*s + 1. Let g be 1/2*(-42)/(-7). Let m(p) = g*a(p) - 7*y(p). Determine m(-3).
0
Let i(t) = t**2 + 3*t - 2. Suppose -2*n + 5*q = 2*n - 18, -4*q = -2*n + 12. Suppose -6 = -m - n*m. What is i(m)?
8
Let o(a) = a**2 - 4*a + 2. Let n(p) = p - 1. Let u(x) = -x**3 + 6*x**2 + x. Let v be u(6). Suppose 2*b - v = 2. Let l be n(b). What is o(l)?
-1
Suppose -3*t + 5 = -4. Let i(h) = -4*h - h**2 - h - t*h + 3 + 2*h. Suppose -3*s = -3*u - 6, -4*u - 6 = -5*s - 2. Determine i(u).
3
Let l be 6/8 + 5/20. Let i(t) = -4*t**2 - t. What is i(l)?
-5
Let b(w) = 1 - w + 0*w + 5*w - 2*w. Calculate b(-3).
-5
Let w(v) = 5*v**2 + 3*v + 2. Let f(c) = -c**3 + 8*c**2 - c + 6. Let j be f(8). Give w(j).
16
Let z(u) = u**3 + 4*u**2 + 4*u + 2.